1090?
614
Calculate the remainder when 113845331 is divided by 1623.
1619
What is the remainder when 13368 is divided by 602?
124
Calculate the remainder when 1884129 is divided by 1615.
1039
What is the remainder when 55922045 is divided by 7988862?
11
What is the remainder when 573663 is divided by 3902?
69
What is the remainder when 3244691 is divided by 648908?
151
What is the remainder when 1433302 is divided by 716?
586
What is the remainder when 109101 is divided by 226?
169
Calculate the remainder when 14442947 is divided by 25.
22
Calculate the remainder when 76169332 is divided by 4834.
4828
Calculate the remainder when 777844 is divided by 4494.
382
Calculate the remainder when 51421150 is divided by 51421143.
7
What is the remainder when 56368 is divided by 28161?
46
Calculate the remainder when 83684 is divided by 462.
62
What is the remainder when 19137747 is divided by 9568805?
137
What is the remainder when 158512 is divided by 191?
173
Calculate the remainder when 1647823 is divided by 1831.
1754
Calculate the remainder when 27370841 is divided by 1105.
1096
What is the remainder when 11755579 is divided by 73?
24
Calculate the remainder when 182398 is divided by 90836.
726
What is the remainder when 255418 is divided by 127677?
64
Calculate the remainder when 4271507 is divided by 1423831.
14
Calculate the remainder when 72579 is divided by 18020.
499
What is the remainder when 7495707 is divided by 104?
11
What is the remainder when 105859 is divided by 52919?
21
Calculate the remainder when 3400929 is divided by 850226.
25
Calculate the remainder when 57244526 is divided by 30.
26
What is the remainder when 42843 is divided by 1211?
458
What is the remainder when 214441235 is divided by 1572?
1571
Calculate the remainder when 7682 is divided by 6903.
779
What is the remainder when 44535 is divided by 3213?
2766
Calculate the remainder when 8513480 is divided by 377.
66
What is the remainder when 62885 is divided by 8889?
662
What is the remainder when 286923269 is divided by 25?
19
What is the remainder when 7926 is divided by 123?
54
What is the remainder when 145255 is divided by 1463?
418
Calculate the remainder when 4144 is divided by 55.
19
Calculate the remainder when 65785068 is divided by 20.
8
Calculate the remainder when 9653352 is divided by 467.
462
What is the remainder when 5178096 is divided by 323631?
0
Calculate the remainder when 1287850 is divided by 51508.
150
What is the remainder when 87425297 is divided by 20?
17
What is the remainder when 252100 is divided by 125833?
434
What is the remainder when 51659 is divided by 1616?
1563
Calculate the remainder when 5752193 is divided by 302.
301
What is the remainder when 39862271 is divided by 2635?
2626
What is the remainder when 4532252 is divided by 6043?
2
What is the remainder when 17245 is divided by 1697?
275
What is the remainder when 59768 is divided by 185?
13
What is the remainder when 240159 is divided by 251?
203
What is the remainder when 126221 is divided by 31538?
69
Calculate the remainder when 3506716 is divided by 1752558.
1600
What is the remainder when 51890 is divided by 2069?
165
What is the remainder when 1653744 is divided by 7?
1
What is the remainder when 1314062 is divided by 664?
6
What is the remainder when 3103119 is divided by 6?
3
Calculate the remainder when 9002681 is divided by 122.
57
Calculate the remainder when 16993359 is divided by 2124167.
23
What is the remainder when 15395351 is divided by 68121?
5
Calculate the remainder when 6475 is divided by 294.
7
Calculate the remainder when 738553 is divided by 184580.
233
What is the remainder when 192839 is divided by 192632?
207
Calculate the remainder when 7938018 is divided by 2927.
2921
What is the remainder when 83290 is divided by 175?
165
What is the remainder when 3821555 is divided by 11?
1
What is the remainder when 44083893 is divided by 158?
155
Calculate the remainder when 251072 is divided by 317.
8
Calculate the remainder when 3614231 is divided by 34.
31
Calculate the remainder when 41421 is divided by 1364.
501
What is the remainder when 1283725 is divided by 279?
46
What is the remainder when 501207 is divided by 1912?
263
Calculate the remainder when 2811 is divided by 102.
57
What is the remainder when 73184 is divided by 4380?
3104
What is the remainder when 302317 is divided by 1154?
1123
What is the remainder when 452629 is divided by 496?
277
Calculate the remainder when 88586947 is divided by 277702.
9
What is the remainder when 32031865 is divided by 205?
0
What is the remainder when 1272061 is divided by 21201?
1
What is the remainder when 252789 is divided by 9716?
173
Calculate the remainder when 6063820 is divided by 63.
7
Calculate the remainder when 25462029 is divided by 4351.
4328
Calculate the remainder when 36362 is divided by 7271.
7
Calculate the remainder when 341620 is divided by 13137.
58
Calculate the remainder when 294920 is divided by 58542.
2210
What is the remainder when 26528 is divided by 289?
229
Calculate the remainder when 1057051 is divided by 150938.
485
Calculate the remainder when 2631147 is divided by 154773.
6
Calculate the remainder when 1782349 is divided by 3073.
9
What is the remainder when 130920 is divided by 13?
10
Calculate the remainder when 17417385 is divided by 175933.
18
What is the remainder when 68583892 is divided by 275?
267
What is the remainder when 112548925 is divided by 3291?
16
What is the remainder when 131756 is divided by 4353?
1166
What is the remainder when 28916758 is divided by 49?
45
Calculate the remainder when 2044383 is divided by 1022187.
9
What is the remainder when 643973 is divided by 2198?
2157
Calculate the remainder when 71042 is divided by 3880.
1202
Calculate the remainder when 159064 is divided by 74463.
10138
Calculate the remainder when 600689 is divided by 16658.
1001
Calculate the remainder when 3024895 is divided by 3489.
3421
Calculate the remainder when 803362 is divided by 24.
10
Calculate the remainder when 571650 is divided by 17288.
1146
Calculate the remainder when 3173372 is divided by 65.
7
Calculate the remainder when 5281924 is divided by 937.
55
What is the remainder when 210825020 is divided by 32?
28
What is the remainder when 224676 is divided by 74882?
30
Calculate the remainder when 236272 is divided by 47.
3
What is the remainder when 2263052 is divided by 113148?
92
What is the remainder when 326681 is divided by 151?
68
What is the remainder when 11427676 is divided by 1142764?
36
Calculate the remainder when 56999730 is divided by 56999710.
20
Calculate the remainder when 84533 is divided by 2433.
1811
Calculate the remainder when 26589205 is divided by 157.
156
What is the remainder when 4222616 is divided by 39836?
0
What is the remainder when 2481539 is divided by 48?
35
What is the remainder when 1349 is divided by 433?
50
Calculate the remainder when 1527121 is divided by 1527083.
38
Calculate the remainder when 119561628 is divided by 1125.
3
What is the remainder when 823169 is divided by 665?
564
What is the remainder when 82671329 is divided by 17?
6
What is the remainder when 138622 is divided by 78?
16
Calculate the remainder when 1028409 is divided by 80.
9
What is the remainder when 4313879 is divided by 347?
322
What is the remainder when 21725 is divided by 3334?
1721
What is the remainder when 116856 is divided by 16693?
5
Calculate the remainder when 22211 is divided by 3116.
399
Calculate the remainder when 1505386 is divided by 331.
329
What is the remainder when 4245818 is divided by 43?
41
What is the remainder when 4488069 is divided by 2244020?
29
Calculate the remainder when 339504 is divided by 323.
31
Calculate the remainder when 5888048 is divided by 1117.
341
What is the remainder when 16778935 is divided by 40?
15
Calculate the remainder when 51452 is divided by 8062.
3080
What is the remainder when 642335 is divided by 112?
15
Calculate the remainder when 80769 is divided by 80668.
101
What is the remainder when 114332 is divided by 22706?
802
Calculate the remainder when 17174026 is divided by 43.
41
Calculate the remainder when 8662236 is divided by 153.
141
What is the remainder when 260878 is divided by 7994?
